{"id":4918,"date":"2024-03-29T15:42:48","date_gmt":"2024-03-29T14:42:48","guid":{"rendered":"https:\/\/canoekayakbretagne.fr\/?page_id=4918"},"modified":"2024-05-06T12:33:05","modified_gmt":"2024-05-06T10:33:05","slug":"mini-page-en-cotes-darmor","status":"publish","type":"page","link":"https:\/\/canoekayakbretagne.fr\/index.php\/mini-page-en-cotes-darmor\/","title":{"rendered":"Mini-Pag en C\u00f4tes d&rsquo;Armor"},"content":{"rendered":"\t\t<div data-elementor-type=\"wp-page\" data-elementor-id=\"4918\" class=\"elementor elementor-4918\">\n\t\t\t\t\t\t<section class=\"elementor-section elementor-top-section elementor-element elementor-element-55106f1 elementor-section-boxed elementor-section-height-default elementor-section-height-default\" data-id=\"55106f1\" data-element_type=\"section\" data-e-type=\"section\">\n\t\t\t\t\t\t<div class=\"elementor-container elementor-column-gap-default\">\n\t\t\t\t\t<div class=\"elementor-column elementor-col-100 elementor-top-column elementor-element elementor-element-31cc269\" data-id=\"31cc269\" data-element_type=\"column\" data-e-type=\"column\">\n\t\t\t<div class=\"elementor-widget-wrap elementor-element-populated\">\n\t\t\t\t\t\t<div class=\"elementor-element elementor-element-237dbc4 elementor-widget elementor-widget-text-editor\" data-id=\"237dbc4\" data-element_type=\"widget\" data-e-type=\"widget\" data-widget_type=\"text-editor.default\">\n\t\t\t\t<div class=\"elementor-widget-container\">\n\t\t\t\t\t\t\t\t\t<p>La Mini-Pag\u00a0!!<\/p><p>Vous en avez normalement d\u00e9j\u00e0 entendu parl\u00e9 ou alors pas du tout\u2026\u2026\u2026<\/p><p>Rien de tr\u00e8s grave\u2026..<\/p><p>Il n\u2019est pas trop tard pour inscrire une ou plusieurs \u00e9quipes de votre club, de votre comit\u00e9. Il est aussi possible de monter des \u00e9quipes interclubs.<\/p><p>Nous comptons sur vous pour LA MINI-PAG qui se d\u00e9roulera du <strong>mercredi 8 au samedi 11 mai 2024<\/strong>\u00a0!<\/p><p>Le rendez-vous est fix\u00e9 \u00e0 <strong>St Samson sur Rance<\/strong> le mercredi 8 mai en d\u00e9but d\u2019apr\u00e8s-midi et la fin des 4 jours se fera le samedi 11 mai en d\u00e9but d\u2019apr\u00e8s-midi \u00e0 <strong>St Jacut de la Mer<\/strong>\u2026..<\/p><p>Des informations plus d\u00e9taill\u00e9es vous seront transmises une fois votre inscription sera effective.<\/p><p>Si vous avez des questions, des interrogations, n\u2019h\u00e9sitez pas\u00a0!<\/p><p><span style=\"text-decoration: underline;\">Documents :<\/span><\/p><ul><li><a href=\"https:\/\/canoekayakbretagne.fr\/wp-content\/uploads\/2024\/03\/Inscriptions-Mini-Pag-2024.pdf\" target=\"_blank\" rel=\"noopener\">Fichier inscription Mini-Pag<\/a><\/li><li><a href=\"https:\/\/canoekayakbretagne.fr\/wp-content\/uploads\/2024\/03\/Affiche-Minipag-FFCK-du-8-au-11-mai-2023.pdf\" target=\"_blank\" rel=\"noopener\">Affiche Mini-Pag<\/a><\/li><li><a href=\"https:\/\/canoekayakbretagne.fr\/wp-content\/uploads\/2024\/05\/horaires-detailles-de-la-minipag-maj-le-02-05-2024.odt\" target=\"_blank\" rel=\"noopener\">Programme d\u00e9taill\u00e9<\/a><\/li><\/ul><p><span style=\"text-decoration: underline;\">Attention :<\/span> inscription avant le 12 avril<\/p>\t\t\t\t\t\t\t\t<\/div>\n\t\t\t\t<\/div>\n\t\t\t\t\t<\/div>\n\t\t<\/div>\n\t\t\t\t\t<\/div>\n\t\t<\/section>\n\t\t\t\t<section class=\"elementor-section elementor-top-section elementor-element elementor-element-7b55681 elementor-section-boxed elementor-section-height-default elementor-section-height-default\" data-id=\"7b55681\" data-element_type=\"section\" data-e-type=\"section\">\n\t\t\t\t\t\t<div class=\"elementor-container elementor-column-gap-default\">\n\t\t\t\t\t<div class=\"elementor-column elementor-col-100 elementor-top-column elementor-element elementor-element-98ece38\" data-id=\"98ece38\" data-element_type=\"column\" data-e-type=\"column\">\n\t\t\t<div class=\"elementor-widget-wrap elementor-element-populated\">\n\t\t\t\t\t\t<div class=\"elementor-element elementor-element-473ccf9 elementor-widget elementor-widget-image\" data-id=\"473ccf9\" data-element_type=\"widget\" data-e-type=\"widget\" data-widget_type=\"image.default\">\n\t\t\t\t<div class=\"elementor-widget-container\">\n\t\t\t\t\t\t\t\t\t\t\t\t\t\t\t<img fetchpriority=\"high\" decoding=\"async\" width=\"724\" height=\"1024\" src=\"https:\/\/canoekayakbretagne.fr\/wp-content\/uploads\/2024\/03\/Affiche-Minipag-FFCK-du-8-au-11-mai-2023_page-0001-724x1024.jpg\" class=\"attachment-large size-large wp-image-4919\" alt=\"\" srcset=\"https:\/\/canoekayakbretagne.fr\/wp-content\/uploads\/2024\/03\/Affiche-Minipag-FFCK-du-8-au-11-mai-2023_page-0001-724x1024.jpg 724w, https:\/\/canoekayakbretagne.fr\/wp-content\/uploads\/2024\/03\/Affiche-Minipag-FFCK-du-8-au-11-mai-2023_page-0001-212x300.jpg 212w, https:\/\/canoekayakbretagne.fr\/wp-content\/uploads\/2024\/03\/Affiche-Minipag-FFCK-du-8-au-11-mai-2023_page-0001-768x1086.jpg 768w, https:\/\/canoekayakbretagne.fr\/wp-content\/uploads\/2024\/03\/Affiche-Minipag-FFCK-du-8-au-11-mai-2023_page-0001-1086x1536.jpg 1086w, https:\/\/canoekayakbretagne.fr\/wp-content\/uploads\/2024\/03\/Affiche-Minipag-FFCK-du-8-au-11-mai-2023_page-0001-1448x2048.jpg 1448w, https:\/\/canoekayakbretagne.fr\/wp-content\/uploads\/2024\/03\/Affiche-Minipag-FFCK-du-8-au-11-mai-2023_page-0001-600x849.jpg 600w, https:\/\/canoekayakbretagne.fr\/wp-content\/uploads\/2024\/03\/Affiche-Minipag-FFCK-du-8-au-11-mai-2023_page-0001.jpg 1754w\" sizes=\"(max-width: 724px) 100vw, 724px\" \/>\t\t\t\t\t\t\t\t\t\t\t\t\t\t\t<\/div>\n\t\t\t\t<\/div>\n\t\t\t\t\t<\/div>\n\t\t<\/div>\n\t\t\t\t\t<\/div>\n\t\t<\/section>\n\t\t\t\t<\/div>\n\t\t","protected":false},"excerpt":{"rendered":"<p>La Mini-Pag\u00a0!! Vous en avez normalement d\u00e9j\u00e0 entendu parl\u00e9 ou alors pas du tout\u2026\u2026\u2026 Rien de tr\u00e8s grave\u2026.. Il n\u2019est<\/p>\n","protected":false},"author":2,"featured_media":4919,"parent":0,"menu_order":0,"comment_status":"closed","ping_status":"closed","template":"","meta":{"colormag_page_container_layout":"default_layout","colormag_page_sidebar_layout":"default_layout","footnotes":""},"class_list":["post-4918","page","type-page","status-publish","has-post-thumbnail","hentry"],"yoast_head":"<!-- This site is optimized with the Yoast SEO plugin v27.2 - https:\/\/yoast.com\/product\/yoast-seo-wordpress\/ -->\n<title>Mini-Pag en C\u00f4tes d&#039;Armor - Comit\u00e9 R\u00e9gional de Bretagne de Cano\u00eb-Kayak - CRBCK<\/title>\n<meta name=\"robots\" content=\"index, follow, max-snippet:-1, max-image-preview:large, max-video-preview:-1\" \/>\n<link rel=\"canonical\" href=\"https:\/\/canoekayakbretagne.fr\/index.php\/mini-page-en-cotes-darmor\/\" \/>\n<meta property=\"og:locale\" content=\"fr_FR\" \/>\n<meta property=\"og:type\" content=\"article\" \/>\n<meta property=\"og:title\" content=\"Mini-Pag en C\u00f4tes d&#039;Armor - Comit\u00e9 R\u00e9gional de Bretagne de Cano\u00eb-Kayak - CRBCK\" \/>\n<meta property=\"og:description\" content=\"La Mini-Pag\u00a0!! Vous en avez normalement d\u00e9j\u00e0 entendu parl\u00e9 ou alors pas du tout\u2026\u2026\u2026 Rien de tr\u00e8s grave\u2026.. Il n\u2019est\" \/>\n<meta property=\"og:url\" content=\"https:\/\/canoekayakbretagne.fr\/index.php\/mini-page-en-cotes-darmor\/\" \/>\n<meta property=\"og:site_name\" content=\"Comit\u00e9 R\u00e9gional de Bretagne de Cano\u00eb-Kayak - CRBCK\" \/>\n<meta property=\"article:modified_time\" content=\"2024-05-06T10:33:05+00:00\" \/>\n<meta property=\"og:image\" content=\"https:\/\/canoekayakbretagne.fr\/wp-content\/uploads\/2024\/03\/Affiche-Minipag-FFCK-du-8-au-11-mai-2023_page-0001.jpg\" \/>\n\t<meta property=\"og:image:width\" content=\"1754\" \/>\n\t<meta property=\"og:image:height\" content=\"2481\" \/>\n\t<meta property=\"og:image:type\" content=\"image\/jpeg\" \/>\n<meta name=\"twitter:card\" content=\"summary_large_image\" \/>\n<meta name=\"twitter:label1\" content=\"Dur\u00e9e de lecture estim\u00e9e\" \/>\n\t<meta name=\"twitter:data1\" content=\"1 minute\" \/>\n<script type=\"application\/ld+json\" class=\"yoast-schema-graph\">{\"@context\":\"https:\/\/schema.org\",\"@graph\":[{\"@type\":\"WebPage\",\"@id\":\"https:\/\/canoekayakbretagne.fr\/index.php\/mini-page-en-cotes-darmor\/\",\"url\":\"https:\/\/canoekayakbretagne.fr\/index.php\/mini-page-en-cotes-darmor\/\",\"name\":\"Mini-Pag en C\u00f4tes d'Armor - Comit\u00e9 R\u00e9gional de Bretagne de Cano\u00eb-Kayak - CRBCK\",\"isPartOf\":{\"@id\":\"https:\/\/canoekayakbretagne.fr\/#website\"},\"primaryImageOfPage\":{\"@id\":\"https:\/\/canoekayakbretagne.fr\/index.php\/mini-page-en-cotes-darmor\/#primaryimage\"},\"image\":{\"@id\":\"https:\/\/canoekayakbretagne.fr\/index.php\/mini-page-en-cotes-darmor\/#primaryimage\"},\"thumbnailUrl\":\"https:\/\/canoekayakbretagne.fr\/wp-content\/uploads\/2024\/03\/Affiche-Minipag-FFCK-du-8-au-11-mai-2023_page-0001.jpg\",\"datePublished\":\"2024-03-29T14:42:48+00:00\",\"dateModified\":\"2024-05-06T10:33:05+00:00\",\"breadcrumb\":{\"@id\":\"https:\/\/canoekayakbretagne.fr\/index.php\/mini-page-en-cotes-darmor\/#breadcrumb\"},\"inLanguage\":\"fr-FR\",\"potentialAction\":[{\"@type\":\"ReadAction\",\"target\":[\"https:\/\/canoekayakbretagne.fr\/index.php\/mini-page-en-cotes-darmor\/\"]}]},{\"@type\":\"ImageObject\",\"inLanguage\":\"fr-FR\",\"@id\":\"https:\/\/canoekayakbretagne.fr\/index.php\/mini-page-en-cotes-darmor\/#primaryimage\",\"url\":\"https:\/\/canoekayakbretagne.fr\/wp-content\/uploads\/2024\/03\/Affiche-Minipag-FFCK-du-8-au-11-mai-2023_page-0001.jpg\",\"contentUrl\":\"https:\/\/canoekayakbretagne.fr\/wp-content\/uploads\/2024\/03\/Affiche-Minipag-FFCK-du-8-au-11-mai-2023_page-0001.jpg\",\"width\":1754,\"height\":2481},{\"@type\":\"BreadcrumbList\",\"@id\":\"https:\/\/canoekayakbretagne.fr\/index.php\/mini-page-en-cotes-darmor\/#breadcrumb\",\"itemListElement\":[{\"@type\":\"ListItem\",\"position\":1,\"name\":\"Accueil\",\"item\":\"https:\/\/canoekayakbretagne.fr\/\"},{\"@type\":\"ListItem\",\"position\":2,\"name\":\"Mini-Pag en C\u00f4tes d&#8217;Armor\"}]},{\"@type\":\"WebSite\",\"@id\":\"https:\/\/canoekayakbretagne.fr\/#website\",\"url\":\"https:\/\/canoekayakbretagne.fr\/\",\"name\":\"Comit\u00e9 R\u00e9gional de Bretagne de Cano\u00eb-Kayak - CRBCK\",\"description\":\"&quot;Les sports de pagaie, partout o\u00f9 il y a de l\u2019eau.&quot;\",\"publisher\":{\"@id\":\"https:\/\/canoekayakbretagne.fr\/#organization\"},\"potentialAction\":[{\"@type\":\"SearchAction\",\"target\":{\"@type\":\"EntryPoint\",\"urlTemplate\":\"https:\/\/canoekayakbretagne.fr\/?s={search_term_string}\"},\"query-input\":{\"@type\":\"PropertyValueSpecification\",\"valueRequired\":true,\"valueName\":\"search_term_string\"}}],\"inLanguage\":\"fr-FR\"},{\"@type\":\"Organization\",\"@id\":\"https:\/\/canoekayakbretagne.fr\/#organization\",\"name\":\"Comit\u00e9 R\u00e9gional de Bretagne de Cano\u00eb-Kayak - CRBCK\",\"url\":\"https:\/\/canoekayakbretagne.fr\/\",\"logo\":{\"@type\":\"ImageObject\",\"inLanguage\":\"fr-FR\",\"@id\":\"https:\/\/canoekayakbretagne.fr\/#\/schema\/logo\/image\/\",\"url\":\"https:\/\/canoekayakbretagne.fr\/wp-content\/uploads\/2022\/01\/cropped-LOGO_BRETAGNE_300x300.jpg\",\"contentUrl\":\"https:\/\/canoekayakbretagne.fr\/wp-content\/uploads\/2022\/01\/cropped-LOGO_BRETAGNE_300x300.jpg\",\"width\":300,\"height\":300,\"caption\":\"Comit\u00e9 R\u00e9gional de Bretagne de Cano\u00eb-Kayak - CRBCK\"},\"image\":{\"@id\":\"https:\/\/canoekayakbretagne.fr\/#\/schema\/logo\/image\/\"}}]}<\/script>\n<!-- \/ Yoast SEO plugin. -->","yoast_head_json":{"title":"Mini-Pag en C\u00f4tes d'Armor - Comit\u00e9 R\u00e9gional de Bretagne de Cano\u00eb-Kayak - CRBCK","robots":{"index":"index","follow":"follow","max-snippet":"max-snippet:-1","max-image-preview":"max-image-preview:large","max-video-preview":"max-video-preview:-1"},"canonical":"https:\/\/canoekayakbretagne.fr\/index.php\/mini-page-en-cotes-darmor\/","og_locale":"fr_FR","og_type":"article","og_title":"Mini-Pag en C\u00f4tes d'Armor - Comit\u00e9 R\u00e9gional de Bretagne de Cano\u00eb-Kayak - CRBCK","og_description":"La Mini-Pag\u00a0!! Vous en avez normalement d\u00e9j\u00e0 entendu parl\u00e9 ou alors pas du tout\u2026\u2026\u2026 Rien de tr\u00e8s grave\u2026.. Il n\u2019est","og_url":"https:\/\/canoekayakbretagne.fr\/index.php\/mini-page-en-cotes-darmor\/","og_site_name":"Comit\u00e9 R\u00e9gional de Bretagne de Cano\u00eb-Kayak - CRBCK","article_modified_time":"2024-05-06T10:33:05+00:00","og_image":[{"width":1754,"height":2481,"url":"https:\/\/canoekayakbretagne.fr\/wp-content\/uploads\/2024\/03\/Affiche-Minipag-FFCK-du-8-au-11-mai-2023_page-0001.jpg","type":"image\/jpeg"}],"twitter_card":"summary_large_image","twitter_misc":{"Dur\u00e9e de lecture estim\u00e9e":"1 minute"},"schema":{"@context":"https:\/\/schema.org","@graph":[{"@type":"WebPage","@id":"https:\/\/canoekayakbretagne.fr\/index.php\/mini-page-en-cotes-darmor\/","url":"https:\/\/canoekayakbretagne.fr\/index.php\/mini-page-en-cotes-darmor\/","name":"Mini-Pag en C\u00f4tes d'Armor - Comit\u00e9 R\u00e9gional de Bretagne de Cano\u00eb-Kayak - CRBCK","isPartOf":{"@id":"https:\/\/canoekayakbretagne.fr\/#website"},"primaryImageOfPage":{"@id":"https:\/\/canoekayakbretagne.fr\/index.php\/mini-page-en-cotes-darmor\/#primaryimage"},"image":{"@id":"https:\/\/canoekayakbretagne.fr\/index.php\/mini-page-en-cotes-darmor\/#primaryimage"},"thumbnailUrl":"https:\/\/canoekayakbretagne.fr\/wp-content\/uploads\/2024\/03\/Affiche-Minipag-FFCK-du-8-au-11-mai-2023_page-0001.jpg","datePublished":"2024-03-29T14:42:48+00:00","dateModified":"2024-05-06T10:33:05+00:00","breadcrumb":{"@id":"https:\/\/canoekayakbretagne.fr\/index.php\/mini-page-en-cotes-darmor\/#breadcrumb"},"inLanguage":"fr-FR","potentialAction":[{"@type":"ReadAction","target":["https:\/\/canoekayakbretagne.fr\/index.php\/mini-page-en-cotes-darmor\/"]}]},{"@type":"ImageObject","inLanguage":"fr-FR","@id":"https:\/\/canoekayakbretagne.fr\/index.php\/mini-page-en-cotes-darmor\/#primaryimage","url":"https:\/\/canoekayakbretagne.fr\/wp-content\/uploads\/2024\/03\/Affiche-Minipag-FFCK-du-8-au-11-mai-2023_page-0001.jpg","contentUrl":"https:\/\/canoekayakbretagne.fr\/wp-content\/uploads\/2024\/03\/Affiche-Minipag-FFCK-du-8-au-11-mai-2023_page-0001.jpg","width":1754,"height":2481},{"@type":"BreadcrumbList","@id":"https:\/\/canoekayakbretagne.fr\/index.php\/mini-page-en-cotes-darmor\/#breadcrumb","itemListElement":[{"@type":"ListItem","position":1,"name":"Accueil","item":"https:\/\/canoekayakbretagne.fr\/"},{"@type":"ListItem","position":2,"name":"Mini-Pag en C\u00f4tes d&#8217;Armor"}]},{"@type":"WebSite","@id":"https:\/\/canoekayakbretagne.fr\/#website","url":"https:\/\/canoekayakbretagne.fr\/","name":"Comit\u00e9 R\u00e9gional de Bretagne de Cano\u00eb-Kayak - CRBCK","description":"&quot;Les sports de pagaie, partout o\u00f9 il y a de l\u2019eau.&quot;","publisher":{"@id":"https:\/\/canoekayakbretagne.fr\/#organization"},"potentialAction":[{"@type":"SearchAction","target":{"@type":"EntryPoint","urlTemplate":"https:\/\/canoekayakbretagne.fr\/?s={search_term_string}"},"query-input":{"@type":"PropertyValueSpecification","valueRequired":true,"valueName":"search_term_string"}}],"inLanguage":"fr-FR"},{"@type":"Organization","@id":"https:\/\/canoekayakbretagne.fr\/#organization","name":"Comit\u00e9 R\u00e9gional de Bretagne de Cano\u00eb-Kayak - CRBCK","url":"https:\/\/canoekayakbretagne.fr\/","logo":{"@type":"ImageObject","inLanguage":"fr-FR","@id":"https:\/\/canoekayakbretagne.fr\/#\/schema\/logo\/image\/","url":"https:\/\/canoekayakbretagne.fr\/wp-content\/uploads\/2022\/01\/cropped-LOGO_BRETAGNE_300x300.jpg","contentUrl":"https:\/\/canoekayakbretagne.fr\/wp-content\/uploads\/2022\/01\/cropped-LOGO_BRETAGNE_300x300.jpg","width":300,"height":300,"caption":"Comit\u00e9 R\u00e9gional de Bretagne de Cano\u00eb-Kayak - CRBCK"},"image":{"@id":"https:\/\/canoekayakbretagne.fr\/#\/schema\/logo\/image\/"}}]}},"_links":{"self":[{"href":"https:\/\/canoekayakbretagne.fr\/index.php\/wp-json\/wp\/v2\/pages\/4918","targetHints":{"allow":["GET"]}}],"collection":[{"href":"https:\/\/canoekayakbretagne.fr\/index.php\/wp-json\/wp\/v2\/pages"}],"about":[{"href":"https:\/\/canoekayakbretagne.fr\/index.php\/wp-json\/wp\/v2\/types\/page"}],"author":[{"embeddable":true,"href":"https:\/\/canoekayakbretagne.fr\/index.php\/wp-json\/wp\/v2\/users\/2"}],"replies":[{"embeddable":true,"href":"https:\/\/canoekayakbretagne.fr\/index.php\/wp-json\/wp\/v2\/comments?post=4918"}],"version-history":[{"count":15,"href":"https:\/\/canoekayakbretagne.fr\/index.php\/wp-json\/wp\/v2\/pages\/4918\/revisions"}],"predecessor-version":[{"id":5134,"href":"https:\/\/canoekayakbretagne.fr\/index.php\/wp-json\/wp\/v2\/pages\/4918\/revisions\/5134"}],"wp:featuredmedia":[{"embeddable":true,"href":"https:\/\/canoekayakbretagne.fr\/index.php\/wp-json\/wp\/v2\/media\/4919"}],"wp:attachment":[{"href":"https:\/\/canoekayakbretagne.fr\/index.php\/wp-json\/wp\/v2\/media?parent=4918"}],"curies":[{"name":"wp","href":"https:\/\/api.w.org\/{rel}","templated":true}]}}